actor of 715 and 3399?
11
What is the greatest common factor of 4944 and 918348?
1236
Calculate the highest common divisor of 49890 and 30.
30
What is the greatest common factor of 448 and 102256?
112
What is the greatest common divisor of 22 and 25575?
11
Calculate the greatest common divisor of 55040 and 1763.
43
What is the greatest common divisor of 82450 and 850?
850
What is the greatest common factor of 549 and 367647?
183
Calculate the greatest common divisor of 10341 and 108.
27
Calculate the highest common factor of 1408245 and 45.
15
What is the highest common factor of 332990 and 2840?
710
Calculate the greatest common factor of 4380 and 1950.
30
What is the greatest common factor of 402325 and 242?
121
What is the highest common factor of 984 and 339152?
328
What is the greatest common factor of 15529 and 583?
53
Calculate the highest common factor of 76703 and 737.
11
Calculate the greatest common factor of 2 and 20861.
1
What is the greatest common divisor of 221 and 161602?
17
What is the greatest common divisor of 22295 and 10829?
637
What is the greatest common divisor of 217054 and 82?
82
What is the highest common factor of 4250 and 1850?
50
What is the greatest common divisor of 2339459 and 87?
29
Calculate the highest common factor of 16576 and 116624.
592
What is the highest common factor of 6114 and 732?
6
What is the highest common factor of 570 and 435670?
190
Calculate the greatest common factor of 99605 and 110.
55
Calculate the greatest common factor of 126 and 6692.
14
Calculate the highest common factor of 6174 and 5138.
14
Calculate the highest common factor of 43 and 269653.
43
Calculate the highest common factor of 5392 and 1544.
8
Calculate the highest common divisor of 2618 and 12287.
11
Calculate the highest common factor of 444 and 208716.
12
Calculate the greatest common factor of 127293 and 453.
453
Calculate the greatest common factor of 1806 and 2838.
258
Calculate the highest common divisor of 77 and 2132977.
77
Calculate the highest common factor of 28 and 1993.
1
What is the highest common factor of 70814 and 18?
2
What is the highest common factor of 166 and 634867?
83
What is the greatest common factor of 553 and 5679863?
553
What is the highest common divisor of 22 and 7898?
22
What is the highest common factor of 734 and 508295?
367
Calculate the greatest common factor of 17731 and 76139.
1043
Calculate the highest common factor of 5896 and 18760.
536
What is the highest common factor of 2513 and 263147?
359
Calculate the highest common divisor of 1692 and 2160.
36
Calculate the greatest common factor of 21960 and 7930.
610
Calculate the highest common factor of 11697 and 42.
21
Calculate the highest common divisor of 2277398 and 3594.
1198
What is the greatest common factor of 929724 and 60?
12
What is the highest common divisor of 73812 and 816?
12
What is the greatest common factor of 31194 and 9?
9
What is the highest common factor of 3115 and 15?
5
Calculate the highest common factor of 368268 and 12.
12
What is the highest common factor of 355509 and 4620?
231
Calculate the greatest common factor of 36 and 50598.
18
What is the greatest common divisor of 66852 and 64?
4
Calculate the greatest common factor of 10818390 and 66.
66
Calculate the greatest common factor of 1875063 and 7404.
1851
Calculate the greatest common divisor of 1104 and 167946.
138
Calculate the greatest common factor of 224665 and 490.
245
Calculate the greatest common divisor of 1313 and 8749.
13
Calculate the highest common factor of 5985 and 962920.
665
What is the greatest common divisor of 265393 and 328?
41
Calculate the highest common factor of 123 and 203811.
123
Calculate the highest common divisor of 173 and 87019.
173
Calculate the greatest common factor of 4252 and 464.
4
What is the highest common factor of 18909 and 858?
33
What is the highest common divisor of 115189 and 8163?
907
What is the highest common factor of 16 and 1312912?
16
Calculate the greatest common factor of 72 and 87.
3
What is the highest common factor of 3073 and 1106?
7
Calculate the highest common factor of 22444 and 5792.
724
Calculate the greatest common factor of 367302 and 51.
51
Calculate the highest common divisor of 26226 and 1062.
18
What is the highest common divisor of 882 and 243?
9
Calculate the highest common divisor of 452 and 163059.
113
What is the greatest common factor of 1694192 and 112?
16
Calculate the highest common factor of 186 and 269142.
186
What is the greatest common divisor of 570 and 17252?
38
Calculate the greatest common factor of 84 and 20076.
84
What is the greatest common factor of 24 and 793388?
4
What is the highest common factor of 66345 and 30?
15
What is the highest common divisor of 62 and 186?
62
What is the highest common divisor of 4433 and 50809?
341
Calculate the highest common factor of 731 and 11567.
43
Calculate the greatest common divisor of 43861 and 161.
23
What is the greatest common factor of 602 and 87376?
86
What is the highest common factor of 198 and 925254?
198
What is the greatest common factor of 127 and 5?
1
Calculate the greatest common divisor of 597 and 568.
1
What is the highest common divisor of 130568 and 456?
152
Calculate the highest common divisor of 113502 and 48.
6
What is the highest common divisor of 2637130 and 2456?
614
What is the highest common factor of 15465 and 48?
3
What is the highest common divisor of 3312281 and 581?
581
What is the highest common factor of 42720 and 89979?
267
Calculate the greatest common factor of 22 and 43678.
2
What is the highest common factor of 68 and 32878?
34
What is the highest common factor of 9585 and 18957?
213
Calculate the highest common factor of 3206 and 210.
14
What is the greatest common factor of 2942 and 11?
1
Calculate the greatest common divisor of 20 and 190740.
20
Calculate the greatest common factor of 11572 and 5148.
44
What is the greatest common factor of 750394 and 1371?
457
Calculate the highest common divisor of 2108745 and 45.
45
Calculate the highest common factor of 6612 and 912.
228
Calculate the greatest common factor of 13 and 576966.
13
Calculate the highest common factor of 396 and 6050.
22
What is the greatest common factor of 24776 and 28?
4
Calculate the highest common factor of 140 and 97258.
14
What is the highest common factor of 343 and 307671?
343
Calculate the highest common factor of 38 and 93461.
19
Calculate the highest common divisor of 268 and 214534.
134
Calculate the highest common factor of 396 and 1616.
4
What is the highest common divisor of 13819 and 3133?
13
What is the highest common factor of 135968 and 37027?
607
What is the greatest common factor of 20 and 6945?
5
Calculate the greatest common factor of 100 and 7325.
25
What is the greatest common divisor of 8 and 923876?
4
What is the highest common divisor of 4617 and 3819?
57
What is the greatest common divisor of 23213 and 668?
167
Calculate the highest common factor of 91 and 34437.
13
What is the greatest common divisor of 905827 and 1534?
767
What is the greatest common divisor of 108724 and 924?
308
Calculate the highest common divisor of 53838 and 2106.
54
Calculate the highest common divisor of 525929 and 17.
17
Calculate the highest common divisor of 198 and 726.
66
What is the greatest common factor of 44892 and 129?
129
What is the highest common divisor of 66 and 8706?
6
What is the greatest common factor of 177 and 56345?
59
Calculate the highest common divisor of 10 and 36030.
10
Calculate the highest common divisor of 50509 and 583.
53
Calculate the greatest common divisor of 1035 and 540.
45
What is the greatest common divisor of 1691 and 2204?
19
What is the highest common divisor of 4231360 and 224?
224
Calculate the highest common factor of 27589 and 752.
47
Calculate the greatest common divisor of 126 and 948066.
42
What is the greatest common factor of 2800 and 123600?
400
What is the highest common divisor of 43461 and 18?
9
What is the greatest common divisor of 1363 and 2929?
29
What is the greatest common divisor of 2417932 and 11?
11
What is the greatest common divisor of 107532 and 36?
36
What is the greatest common divisor of 632 and 27729?
79
What is the highest common factor of 761